uppose -257*k + 51198 + 10722 = -97*k. Calculate the greatest common divisor of 549 and k.
9
Let q be (-11 - -17) + (2/(-17) - 1230/(-51)). What is the greatest common factor of 78 and q?
6
Suppose 141*m - 181*m + 38760 = 0. Calculate the highest common divisor of 510 and m.
51
Let d(w) = 2*w**2 + 7*w - 22 + 1 - 10. Let z be d(-10). Calculate the greatest common factor of 33 and z.
33
Let n be 11 + -1 + -1 + -1. Suppose -49 = t - 50, 0 = -3*u + 2*t - 2. Suppose -n*f + 8 + 0 = u. Calculate the greatest common divisor of f and 8.
1
Let j(l) = -l**3 + 22*l**2 - 20*l + 321. Let f be j(20). Calculate the greatest common factor of f and 49.
7
Let m(v) = -v**3 + 98*v**2 - 194*v + 219. Let d be m(96). Calculate the greatest common factor of d and 3591.
27
Let i(v) = v**3 + 2*v**2 - v. Let r be i(0). Suppose -o = -5*c - 6*o + 490, 3*o = r. Let d be 9/(-6)*c/(-21). What is the highest common factor of d and 7?
7
Suppose -s = -3*z - 130, 2*z = -4*s - 0*z + 450. Let r = -258 - -429. Let w = r - s. Calculate the highest common divisor of w and 7.
7
Suppose 6*t = 5*t + 2. Suppose -2*h + 188 = t*h. Let d = -55493 - -55634. What is the greatest common factor of h and d?
47
Let s = 5937 - 5889. What is the greatest common factor of s and 2796?
12
Suppose j + 0*u = -u + 31, 4*u = -5*j + 152. Suppose 68*z + 15 - 290 - 269 = 0. Calculate the highest common factor of z and j.
4
Let i be 48312/915 - (-4)/20. What is the highest common divisor of 15529 and i?
53
Suppose -827*z = -435560 + 59275. What is the highest common divisor of 105 and z?
35
Let l(q) = -2*q**2 - 127*q + 1990. Let b be l(-73). What is the greatest common factor of b and 2211?
201
Let k = 25682 + -23846. Calculate the highest common factor of 648 and k.
108
Let k be ((-29)/(-5))/(26/2860). Calculate the highest common divisor of 1798 and k.
58
Let q be (-67)/(-11) + 199/(-2189) + 5*86. What is the highest common divisor of 5886 and q?
218
Suppose -4*p - 55 = -3. Let h(l) = l**2 + 13*l + 2. Let m be h(p). Suppose m*k + 4*x = 38, -9 = -2*x - x. Calculate the highest common divisor of k and 143.
13
Let s be (-1357)/(-138) - (-2)/12. Suppose s*m = 13*m - 600. Calculate the highest common divisor of 50 and m.
50
Suppose 3 + 6 = 3*c. Suppose v - f = -3*f - 7, 0 = -3*v + 3*f - c. Let w be v*(-2)/(-9) - (-222)/9. Calculate the greatest common divisor of w and 48.
24
Suppose 3*t - 4*u = 69, 2*u + 157 = 27*t - 22*t. What is the highest common divisor of t and 18550?
35
Let u = -7 - -16. Let k = u + 1. Suppose -3*s + 174 = -156. What is the highest common factor of s and k?
10
Let y(w) = 14*w - 13. Let c be y(-3). Let b be (-2992)/c - 2/5. Suppose -u = -4*r + b, -2*u = -0 - 4. Calculate the greatest common factor of 126 and r.
14
Suppose -2*r = 13*r - 195. Suppose 3*m - 5*p = 140, -3*m = -p - 137 + r. What is the highest common divisor of m and 440?
40
Suppose 51*h = 64*h - 3289. What is the highest common factor of h and 22?
11
Suppose u - 488 - 349 = 0. Suppose 0 = 3*v + 3*c - 81, 501*c - 504*c = 4*v - 112. What is the highest common factor of v and u?
31
Suppose 62*r = 53*r + 54. Let m be (408 - 2) + -13 + r. What is the highest common factor of 21 and m?
21
Let s(v) = v**3 - 14*v**2 - 15*v + 9. Suppose -2*f = -9 - 21. Let c be s(f). What is the greatest common factor of c and 9?
9
Let u(f) = -2*f**2 - 9*f**2 - 7*f + f**3 - 21 - 3*f**2 + 7*f**2. Suppose -40 = -4*z - 0*z. Let n be u(z). Calculate the greatest common divisor of 19 and n.
19
Let m be ((-1 + -2)/(-3) - 1) + -2. Let b(z) be the first derivative of -5*z**2/2 - 7*z - 3. Let a be b(m). What is the greatest common factor of 9 and a?
3
Let n be 19 + 11 + 9 + -8. Calculate the highest common divisor of 2573 and n.
31
Let f be (44/8 + -8)/((-1)/6). Let b be -1*(-4197)/f - (-1)/5. What is the highest common factor of b and 35?
35
Suppose 4*i + 247*c = 244*c + 512, 0 = 5*i - 5*c - 570. Calculate the highest common divisor of 1098 and i.
122
Let o = -833 - -1226. Let w = o + -168. Calculate the highest common factor of w and 9.
9
Suppose 2*f - 4*o = 14600, -10*f + 6*f = 3*o - 29266. What is the greatest common divisor of 16 and f?
16
Let t be ((-5)/2)/(55/(-10) - -5). Suppose -t*p = -80 - 70. What is the greatest common divisor of 480 and p?
30
Let l(k) = k**2 - 6*k + 1. Let n be l(8). Let p be (-612)/(-8)*30/135. What is the highest common divisor of n and p?
17
Let p be (-880)/(-56) - 10/(-35). Let h be 28/1 + (p - 8). What is the highest common divisor of h and 16?
4
Let b(m) = m**3 - 4*m**2 - 46*m + 150. Let y be b(8). Calculate the greatest common factor of 76 and y.
38
Let m be 1 + -3 + 28 - 23/184*0. What is the greatest common divisor of m and 6864?
26
Let g be 9/(-21) + (-25)/7. Let o be (2/6)/(g*(-8)/1536). What is the highest common factor of o and 104?
8
Let h = -714 + 716. Suppose 146 + 94 = h*n. Calculate the highest common divisor of 45 and n.
15
Let k be ((-19)/(-2))/(51/6630). What is the greatest common factor of 665 and k?
95
Let z(r) = -r**3 + 51*r**2 + 65*r - 503. Let g be z(52). Calculate the highest common divisor of 20760 and g.
173
Let j = -23002 - -23320. What is the highest common divisor of 6837 and j?
159
Let l(k) = -141*k - 6. Let h be l(-4). Let c = -105719 + 105781. Calculate the highest common divisor of c and h.
62
Let q(k) = 203*k - 530. Let h be q(4). Calculate the highest common factor of 1222 and h.
94
Suppose 2*y - 1 = -3*j - 9, 5*j - 5*y = 20. Suppose 3*q + 2 - 17 = j. Let d = -24 - -39. Calculate the highest common divisor of d and q.
5
Let f be 3/4*132/(-99)*-5. What is the highest common factor of 9115 and f?
5
Suppose q - 760 = 23*c - 25*c, 1137 = 3*c + q. What is the greatest common divisor of c and 232?
29
Suppose 0 = 4*j + 4*v, 141*v - 24 = -3*j + 144*v. Let q = 24 - 18. Calculate the highest common factor of q and j.
2
Let m be (-96)/(-40)*(-5)/(-2). Suppose -525 = -5*u - b, 5*u + 2*b - 500 = m*b. Suppose 7*x - 43 = u. Calculate the greatest common divisor of 105 and x.
21
Suppose -2036 - 365 = -11*o + 4639. What is the highest common divisor of o and 260?
20
Let h = 112434 + -112428. Let p = 115 - 82. Calculate the greatest common factor of p and h.
3
Suppose 139 = 4*c - 3*q, 3*c - 33 = 5*q + 74. Calculate the greatest common divisor of 3077 and c.
17
Let j be (-3 - (-84)/8)*4. Let t = -3 + j. Let s be 2 + -1 - (-1960)/56. Calculate the highest common divisor of s and t.
9
Let o(w) = w**2 - 5*w + 8. Let t be o(4). Let s(y) = -2*y**3 + 9*y**2 + 4*y - 2. Let c be s(t). What is the highest common factor of c and 240?
30
Suppose -5*h = 5*a - 325, -3*a + 40 - 117 = -h. Let u = h + -59. Calculate the greatest common divisor of 45 and u.
9
Suppose -113*n + 34591 = -3377. What is the highest common divisor of n and 180?
12
Suppose -11*p - 1803 - 1838 = 0. Let a = -318 - p. What is the greatest common divisor of 299 and a?
13
Suppose 0 = 2*k + 5*r - 1517, -k + r = 302 - 1057. What is the greatest common factor of 270 and k?
54
Let c(t) = -2*t**2 - 10*t + 3. Suppose 4*l - 5 = 3*l. Suppose 12*m = -l - 55. Let k be c(m). Calculate the highest common divisor of 9 and k.
3
Let a be (225/(-125))/(1/10*-6). Calculate the highest common factor of a and 83.
1
Suppose -2*s + 16 = -3*u + 49, -5*s = -u - 15. Calculate the highest common factor of 1236 and u.
3
Let r = -21479 - -21481. Calculate the greatest common divisor of 1627 and r.
1
Suppose -960 = -2*w - 5*x, 2*x + 1451 = 3*w + 4*x. Calculate the highest common factor of w and 1261.
97
Suppose -3*c - 1340 = -5*s, 7*s - 4*c = 11*s - 1040. What is the greatest common factor of 424 and s?
53
Let q(m) = -5*m**2 + 186*m + 5583. Let u be q(0). What is the greatest common divisor of u and 3?
3
Let s be (-1 - (-3 - 5))*480/56. Calculate the highest common divisor of s and 1770.
30
Suppose -9*y = -7*v + 8*v - 2309, 2*y - 506 = -2*v. Calculate the highest common factor of y and 26471.
257
Let f = 68 - 36. Let l = -754 - -1222. Suppose l = 3*z - 4*n, -190 = -2*z - 4*n + 142. What is the highest common factor of f and z?
32
Suppose 29*a - 337 = 196515. What is the greatest common factor of 8 and a?
4
Let i be 37 + -330 - -1*5. Let x be -25*(6 + i/40). Calculate the greatest common factor of x and 54.
6
Let v = 143 - 134. Let p = -52 + 79. Calculate the highest common factor o